st common factor of p and 31.
31
Let l(q) = 2*q**2 + 2*q + 4. Let d be l(3). Let k be (d/(-8))/(1/2). Let n = 14 + k. What is the highest common divisor of 7 and n?
7
Let i = 10 + -5. Suppose -42 = -i*c - 2*b, -c - 2*b = -12 + 2. Let w = 3 + c. Calculate the greatest common divisor of w and 44.
11
Let k(h) = 7*h**2 - 1. Let x be k(1). Let d be -8 - (4/6 + 372/(-18)). What is the greatest common divisor of x and d?
6
Suppose 551 + 1555 = 9*u. Suppose -u = -12*w + 3*w. What is the greatest common factor of 78 and w?
26
Let o = 6 - 49. Let f = o + 53. Calculate the greatest common divisor of f and 10.
10
Suppose 37*o = o + 54864. Calculate the highest common factor of 12 and o.
12
Suppose -25*r + 2108 = 6*r. Calculate the highest common factor of 34 and r.
34
Let z = 45 + -39. Let b(f) = f**3 - 7*f**2 + 8*f - 5. Let a be b(z). What is the greatest common divisor of a and 28?
7
Let z(g) = -4*g**2 + 2*g + 8. Let n be z(6). Let c = n + 220. Calculate the greatest common factor of 6 and c.
6
Suppose w - 4*j + 10 - 45 = 0, 0 = -2*w - 3*j + 48. What is the highest common divisor of w and 15?
3
Let n(b) = 3*b**2 + 2*b + 4. Let p be n(-2). Calculate the greatest common divisor of p and 528.
12
Let l = -269 - -295. Calculate the highest common divisor of 2 and l.
2
Let t(c) = 2*c**2 + 48*c - 84. Let s be t(-28). What is the highest common factor of 4 and s?
4
Let n = 19 - -34. Suppose -2968 = -2726*a + 2718*a. What is the greatest common divisor of a and n?
53
Suppose -3*j - 22 + 31 = 0. Let p be 242/33*1*j. What is the greatest common factor of p and 176?
22
Let l be (-10 - -1)/(2/112*-8). Calculate the highest common factor of 105 and l.
21
Suppose 2*x = 7*x - 240. Let t = 174 - x. What is the greatest common factor of 14 and t?
14
Suppose c = -0*c - c. Suppose -4*f = 4*v - 64, -4*f + c*v = -v - 74. Calculate the highest common divisor of f and 198.
18
Let g be (-5140)/(-52) + 8/52. Suppose z + 2*c = 6*z - 25, -2 = z + c. Let j be -5*(72/(-15) + z). What is the highest common factor of g and j?
9
Suppose 0 = 5*q + h - 211, -3*q - 4*h - 454 + 584 = 0. Let l = 131 - 68. What is the greatest common factor of l and q?
21
Let l be 2 + -1 + (219 - 4). Suppose 16 + 14 = g - 3*k, -3*g + 5*k = -86. What is the highest common factor of l and g?
27
Let m be -1*(-6)/(-1) - -1. Let i = 9 + m. Suppose 0 = -3*g - 4*v - 6 - 0, 5*g - i = -2*v. What is the highest common factor of g and 1?
1
Suppose 45 = 5*p - 0*p. Suppose -19*t + 2277 = 4*t. Calculate the highest common factor of p and t.
9
Suppose -z + 2*z + 32 = 3*d, 3*d - 4*z - 20 = 0. Calculate the highest common factor of d and 8.
4
Suppose 0 = -17*m + 16*m + 11. What is the highest common factor of m and 5?
1
Suppose 3*r = 2*n - n - 19, 3*r = 4*n - 103. What is the greatest common factor of 154 and n?
14
Let l be (1 - 4/8)*10. Suppose 3*u + q - 21 = 4*q, -4*q = -u - l. Calculate the greatest common factor of 11 and u.
11
Let x be 218/9 + ((-344)/(-72) - 5). What is the highest common factor of x and 104?
8
Let y be -3 + (5 - -51) + -5. What is the highest common divisor of 264 and y?
24
Let l be (-66 - -80)*((-9)/(-2))/1. What is the greatest common factor of 28 and l?
7
Let s(n) = -13*n**2 - n - 93. Let u(t) = -3*t**2 - 23. Let b(z) = 2*s(z) - 9*u(z). Let g be b(0). What is the highest common factor of g and 7?
7
Suppose -m = -z - z - 4517, m + 5*z = 4545. What is the highest common divisor of 25 and m?
25
Let j = -88 - -92. Suppose 2*w - 4*f = w - j, -5*f = 2*w - 31. Calculate the highest common divisor of w and 32.
8
Let v(l) = 3*l - 5. Let i be v(3). Suppose 22 = i*h - 10. What is the greatest common divisor of 10 and h?
2
Let h = 11 + 9. Let p be 1/(1*(-4)/124). Let z = 51 + p. What is the greatest common factor of z and h?
20
Let x = 44 + -11. Suppose 10 = 5*q, 4*q + 7 + 7 = 2*p. What is the highest common divisor of x and p?
11
Suppose -2*h - 3*a = -12, -2 - 18 = 5*a. Let y be h/9*(-12)/(-8). Let d be -6 + 79 + (-2)/y. What is the highest common divisor of 8 and d?
8
Suppose -21*x - 210 = -16*x. Let m = x - -77. Calculate the highest common factor of m and 140.
35
Let r(p) = -17*p + 4. Let d be r(1). Let c = d - -17. Calculate the greatest common factor of c and 2.
2
Let c be 13026/14 - (-13)/((-637)/(-28)). What is the greatest common factor of c and 49?
49
Let v = 8 - 8. Suppose 4*r = 8, 0*j + j + r - 47 = v. Let n = -20 + 35. What is the highest common divisor of j and n?
15
Let v = -30 + 39. Suppose -v*z = z - 160. What is the highest common factor of z and 80?
16
Let m(z) be the first derivative of -z**3/3 + 4*z**2 - 5*z + 6. Let b be m(5). What is the greatest common factor of 110 and b?
10
Let l = -71 + 99. Let j = -26 + l. Calculate the greatest common divisor of j and 4.
2
Let z(u) = 3*u**2 - 4*u + 3. Let x be z(3). Let g(r) = 7*r**2 + 20*r + 22. Let s be g(-1). What is the highest common factor of s and x?
9
Let v = -44 - -48. Suppose -3*g = -g - v. What is the greatest common factor of g and 4?
2
Let z = 120 + -96. Suppose z*c - 5*c - 209 = 0. What is the highest common factor of 319 and c?
11
Suppose 4*j - 4 = -3*t, 0 = 5*t + 3*j + 8 - 0. Let q be 18 - 2 - t/(-1). What is the greatest common factor of q and 8?
4
Suppose 7*g = 13*g. Let v(f) = -f**3 - 2*f**2 + 2. Let h be v(-3). Suppose h*m - 14*m + 60 = g. Calculate the greatest common factor of 220 and m.
20
Let f be 429/26 - 2/4. Suppose -24 = -4*v + 2*v. Calculate the greatest common divisor of f and v.
4
Let i = 7 + 3. Suppose 0*m + 11*m = -15*m + 390. Calculate the greatest common factor of m and i.
5
Let w = 518 + -437. Let s = -111 + 165. What is the greatest common divisor of w and s?
27
Suppose -3007 - 1313 = -6*d. Calculate the greatest common divisor of 45 and d.
45
Let d be 3696/364 - 6/39. Let z be (-12)/((-3)/60*3). What is the highest common divisor of z and d?
10
Let g be (-2)/(-4) + ((-33)/(-6))/1. Let w be (35/(-5) - -4)*(-400)/g. Calculate the highest common divisor of w and 25.
25
Let a = 1109 + -1087. What is the highest common factor of a and 66?
22
Let h(a) = 2*a + 10. Let c be h(-4). Suppose -5*k - 75 = -7*m + c*m, 0 = 2*k. Calculate the highest common factor of m and 15.
15
Let h = 41 - 19. Let o(l) = 6*l**2 + 6*l - 4. Let q be o(-5). Let m = q + -72. Calculate the greatest common divisor of h and m.
22
Let b be (103 - (-27)/(-3)) + 0. What is the highest common factor of b and 1504?
94
Suppose 19*o - 95274 + 14676 = 0. Calculate the highest common factor of o and 21.
21
Let u(z) = -5*z + z**2 - 5 + 0*z - z. Let b(h) = -h + 3. Let p be b(-4). Let s be u(p). Calculate the greatest common factor of s and 18.
2
Let g = -789 + 793. What is the greatest common factor of 16 and g?
4
Let c(u) = -119*u**3 - 2*u**2 + 1. Let x be c(-1). Suppose 5*m + 18 = x. Calculate the highest common factor of 50 and m.
10
Let z = 20 + -8. Let p = -13 + 25. Let l be ((-66)/6)/((-1)/p). What is the highest common divisor of z and l?
12
Suppose -k - 2*r + 5 = 3, -2*k + 4 = -4*r. Suppose -5*c = -k*i + 277, 5*i + 5*c + 0*c - 675 = 0. What is the highest common divisor of 17 and i?
17
Let g(j) = -4*j**3 + 4*j**2 - j - 4. Let o be g(-3). Suppose 19*n = 18*n + o. Calculate the highest common factor of n and 11.
11
Suppose -p - 38 = -m + 11, 2*p - 196 = -4*m. Calculate the highest common divisor of m and 49.
49
Suppose 0 = -p - 5, 5*p + 37 = 2*r - 0*r. Let g be 28/r*(-108)/(-42). Let d be (-15)/2*g/(-10). Calculate the highest common factor of 63 and d.
9
Let g = 337 + -193. What is the greatest common factor of g and 90?
18
Let c(d) = d + 12. Let s be c(-9). Suppose 0 = 4*q + s*q - 91. What is the greatest common divisor of 52 and q?
13
Let s = -1 + 8. Suppose 37*r - 42*r + 140 = 0. What is the greatest common divisor of r and s?
7
Suppose -2*u - 3*r + 86 = -r, -3*u + 3*r + 117 = 0. Suppose -b - 88 = -5*s - 262, -5*s = -5*b + 830. What is the greatest common factor of u and b?
41
Suppose 21 = 4*l + 5. Suppose 41 = 5*t - l*t. Calculate the highest common factor of 369 and t.
41
Suppose 82 = 4*a + 3*q, 14*q = 12*q - 4. Calculate the greatest common factor of 638 and a.
22
Let x = 162 - 145. What is the greatest common divisor of 425 and x?
17
Let k = -277 - -315. What is the greatest common divisor of k and 1026?
38
Suppose 5*a - y + 0 - 190 = 0, -